{"id":1218,"date":"2025-06-09T22:13:32","date_gmt":"2025-06-09T20:13:32","guid":{"rendered":"http:\/\/jew.achtender.eu\/tennis\/?page_id=1218"},"modified":"2026-04-10T21:43:24","modified_gmt":"2026-04-10T19:43:24","slug":"jugend-2","status":"publish","type":"page","link":"https:\/\/tsv-haubersbronn.de\/tennis\/jugend-2\/","title":{"rendered":"Jugend"},"content":{"rendered":"<p>[et_pb_section fb_built=&#8220;1&#8243; _builder_version=&#8220;4.25.2&#8243; _module_preset=&#8220;default&#8220; background_color=&#8220;#F9812A&#8220; custom_padding=&#8220;10vw||||false|false&#8220; global_colors_info=&#8220;{}&#8220;][et_pb_row _builder_version=&#8220;4.27.5&#8243; _module_preset=&#8220;92fda5b1-79b9-4e7a-9ab2-61561768efa0&#8243; z_index=&#8220;10&#8243; global_colors_info=&#8220;{}&#8220;][et_pb_column type=&#8220;4_4&#8243; _builder_version=&#8220;4.25.2&#8243; _module_preset=&#8220;default&#8220; global_colors_info=&#8220;{}&#8220;][et_pb_slider show_arrows=&#8220;off&#8220; show_pagination=&#8220;off&#8220; _builder_version=&#8220;4.27.5&#8243; _module_preset=&#8220;default&#8220; header_level=&#8220;h1&#8243; header_font=&#8220;Poppins LOKAL|||on|||||&#8220; header_font_size=&#8220;80px&#8220; header_line_height=&#8220;80px&#8220; z_index=&#8220;3&#8243; custom_margin=&#8220;||-200px||false|false&#8220; custom_margin_tablet=&#8220;||0px||false|false&#8220; custom_margin_phone=&#8220;||0px||false|false&#8220; custom_margin_last_edited=&#8220;on|tablet&#8220; custom_padding=&#8220;|0px||0px|false|true&#8220; hover_enabled=&#8220;0&#8243; header_font_size_tablet=&#8220;60px&#8220; header_font_size_phone=&#8220;42px&#8220; header_font_size_last_edited=&#8220;on|tablet&#8220; header_line_height_tablet=&#8220;80px&#8220; header_line_height_phone=&#8220;45px&#8220; header_line_height_last_edited=&#8220;on|desktop&#8220; border_radii=&#8220;on|50px|50px|50px|50px&#8220; border_radii_image=&#8220;on|20px|20px|20px|20px&#8220; border_radii_image_tablet=&#8220;on|50px|50px|50px|50px&#8220; border_radii_image_phone=&#8220;on|50px|50px|50px|50px&#8220; border_radii_image_last_edited=&#8220;on|desktop&#8220; global_colors_info=&#8220;{}&#8220; sticky_enabled=&#8220;0&#8243;][et_pb_slide heading=&#8220;Jugend&#8220; _builder_version=&#8220;4.27.5&#8243; _module_preset=&#8220;default&#8220; background_color=&#8220;RGBA(255,255,255,0)&#8220; background_enable_color=&#8220;on&#8220; background_image=&#8220;https:\/\/tsv-haubersbronn.de\/tennis\/wp-content\/uploads\/sites\/7\/2025\/06\/Tennis-fuer-Gross-und-klein-580px.jpg&#8220; background_enable_image=&#8220;on&#8220; hover_enabled=&#8220;0&#8243; global_colors_info=&#8220;{}&#8220; sticky_transition=&#8220;on&#8220; alignment=&#8220;bottom&#8220; sticky_enabled=&#8220;0&#8243; background_position=&#8220;top_center&#8220;][\/et_pb_slide][\/et_pb_slider][\/et_pb_column][\/et_pb_row][\/et_pb_section][et_pb_section fb_built=&#8220;1&#8243; admin_label=&#8220;section&#8220; _builder_version=&#8220;4.25.2&#8243; _module_preset=&#8220;default&#8220; custom_padding=&#8220;0px||0px||false|false&#8220; global_colors_info=&#8220;{}&#8220;][et_pb_row _builder_version=&#8220;4.25.2&#8243; _module_preset=&#8220;_initial&#8220; background_color=&#8220;#F9812A&#8220; width=&#8220;100%&#8220; max_width=&#8220;100%&#8220; custom_padding=&#8220;0px||0px||true|false&#8220; global_colors_info=&#8220;{}&#8220;][et_pb_column type=&#8220;4_4&#8243; _builder_version=&#8220;4.25.2&#8243; _module_preset=&#8220;default&#8220; global_colors_info=&#8220;{}&#8220;][et_pb_divider show_divider=&#8220;off&#8220; _builder_version=&#8220;4.25.2&#8243; _module_preset=&#8220;default&#8220; background_color=&#8220;#FFFFFF&#8220; z_index=&#8220;1&#8243; height=&#8220;50px&#8220; border_radii=&#8220;off|50px|50px||&#8220; global_colors_info=&#8220;{}&#8220;][\/et_pb_divider][\/et_pb_column][\/et_pb_row][et_pb_row admin_label=&#8220;row&#8220; _builder_version=&#8220;4.25.2&#8243; _module_preset=&#8220;_initial&#8220; custom_padding=&#8220;10vw||||false|false&#8220; global_colors_info=&#8220;{}&#8220;][et_pb_column type=&#8220;4_4&#8243; _builder_version=&#8220;4.16&#8243; _module_preset=&#8220;default&#8220; custom_padding=&#8220;|||&#8220; global_colors_info=&#8220;{}&#8220; custom_padding__hover=&#8220;|||&#8220;][et_pb_text _builder_version=&#8220;4.27.5&#8243; _module_preset=&#8220;_initial&#8220; global_colors_info=&#8220;{}&#8220;]<\/p>\n<p><span>Denn es ist mehr als nur Sport!<\/span><\/p>\n<p>[\/et_pb_text][et_pb_text _builder_version=&#8220;4.27.5&#8243; _module_preset=&#8220;_initial&#8220; global_colors_info=&#8220;{}&#8220;]<\/p>\n<p>In unserem famili\u00e4ren Verein lernen Kinder und Jugendliche nicht nur Tennis, sondern<span>\u00a0<\/span><strong>erleben Gemeinschaft, Fairness und Teamgeist<\/strong>. Durch kleine Trainingsgruppen k\u00f6nnen wir individuell auf jedes Kind eingehen \u2013 egal ob Anf\u00e4nger oder Fortgeschrittener. Unser erfahrenes Trainerteam sorgt f\u00fcr Spa\u00df und Fortschritt gleicherma\u00dfen.<\/p>\n<p>Im Sommer trainieren auf unserer Anlage ungef\u00e4hr 25 Kinder und Jugendliche. Im Winter findet das Training in benachbarten Tennishallen im Wieslauf- bzw. Remstal statt.<\/p>\n<p>Wir haben das Ziel in den kommenden Jahren auch mit Kinder- und Jugendmannschaften am Verbandsspielbetrieb des WTB teilzunehmen. Wer bei uns Tennis spielt, wird Teil einer herzlichen Vereinsfamilie, in der man sich kennt, unterst\u00fctzt und gemeinsam w\u00e4chst \u2013 sowohl auf als auch neben dem Platz. F\u00fcr Fragen rund um das Thema Kinder- und Jugendtennis k\u00f6nnt ihr euch bei unserem Jugendwart Dominik Gaser melden, sprecht ihn an oder klickt hier f\u00fcr eine<span>\u00a0<\/span><a href=\"mailto:jugend.tennis@tsv-haubersbronn.de?subject=Trainingsinteresse\">eMail an den Jugendwart<\/a>.<\/p>\n<p>[\/et_pb_text][\/et_pb_column][\/et_pb_row][et_pb_row _builder_version=&#8220;4.25.2&#8243; _module_preset=&#8220;_initial&#8220; width=&#8220;100%&#8220; max_width=&#8220;100%&#8220; global_colors_info=&#8220;{}&#8220;][et_pb_column type=&#8220;4_4&#8243; _builder_version=&#8220;4.25.2&#8243; _module_preset=&#8220;default&#8220; global_colors_info=&#8220;{}&#8220;][et_pb_image src=&#8220;https:\/\/tsv-haubersbronn.de\/tennis\/wp-content\/uploads\/sites\/7\/2025\/05\/tennis_6.png&#8220; title_text=&#8220;tennis_6&#8243; force_fullwidth=&#8220;on&#8220; _builder_version=&#8220;4.25.2&#8243; _module_preset=&#8220;default&#8220; global_colors_info=&#8220;{}&#8220;][\/et_pb_image][\/et_pb_column][\/et_pb_row][et_pb_row _builder_version=&#8220;4.25.2&#8243; _module_preset=&#8220;_initial&#8220; background_color=&#8220;#F9812A&#8220; width=&#8220;100%&#8220; max_width=&#8220;100%&#8220; custom_padding=&#8220;0px||0px||true|false&#8220; locked=&#8220;off&#8220; global_colors_info=&#8220;{}&#8220;][et_pb_column type=&#8220;4_4&#8243; _builder_version=&#8220;4.25.2&#8243; _module_preset=&#8220;default&#8220; global_colors_info=&#8220;{}&#8220;][et_pb_divider show_divider=&#8220;off&#8220; _builder_version=&#8220;4.25.2&#8243; _module_preset=&#8220;default&#8220; background_color=&#8220;#FFFFFF&#8220; height=&#8220;50px&#8220; border_radii=&#8220;off|||50px|50px&#8220; global_colors_info=&#8220;{}&#8220;][\/et_pb_divider][\/et_pb_column][\/et_pb_row][\/et_pb_section][et_pb_section fb_built=&#8220;1&#8243; _builder_version=&#8220;4.25.2&#8243; _module_preset=&#8220;default&#8220; background_color=&#8220;#F9812A&#8220; border_radii=&#8220;off|||50px|50px&#8220; global_colors_info=&#8220;{}&#8220;][et_pb_row admin_label=&#8220;row&#8220; _builder_version=&#8220;4.25.2&#8243; _module_preset=&#8220;_initial&#8220; locked=&#8220;off&#8220; global_colors_info=&#8220;{}&#8220;][et_pb_column type=&#8220;4_4&#8243; _builder_version=&#8220;4.16&#8243; _module_preset=&#8220;default&#8220; custom_padding=&#8220;|||&#8220; global_colors_info=&#8220;{}&#8220; custom_padding__hover=&#8220;|||&#8220;][et_pb_text _builder_version=&#8220;4.27.5&#8243; _module_preset=&#8220;_initial&#8220; global_colors_info=&#8220;{}&#8220;]<\/p>\n<h2 class=\"wp-block-heading\"><span style=\"color: #ffffff\">Kinder- &amp; Jugendtennis beim TSV Haubersbronn<\/span><\/h2>\n<p><span style=\"color: #ffffff\">Tennis macht Spa\u00df \u2013 vor allem gemeinsam! Unser Kinder- und Jugendtraining richtet sich an alle M\u00e4dchen und Jungen zwischen 10 und 17 Jahren, die Lust haben, das Tennisspielen zu erlernen oder zu verbessern. In kleinen Gruppen von 3\u20135 Kindern wird w\u00f6chentlich eine Stunde lang trainiert \u2013 mit viel Bewegung, Spa\u00df und individueller F\u00f6rderung.<\/span><\/p>\n<p><span style=\"color: #ffffff\">Unser engagiertes und erfahrenes Trainerteam sorgt daf\u00fcr, dass alle Kinder entsprechend ihrem Alter und ihrer Spielst\u00e4rke in passende Gruppen eingeteilt werden. Dabei legen wir Wert auf eine altersgerechte Vermittlung der Technik, Koordination und Taktik \u2013 immer mit dem Ziel, die Freude am Tennissport zu f\u00f6rdern.<\/span><\/p>\n<p><span style=\"color: #ffffff\"><strong>Trainingszeitraum:<\/strong><\/span><br \/><span style=\"color: #ffffff\">Mai bis September 2026 (au\u00dfer in den Schulferien)<\/span><\/p>\n<p><span style=\"color: #ffffff\"><strong>Kosten:<\/strong><\/span><br \/><span style=\"color: #ffffff\">100 \u20ac f\u00fcr ca. 13 Einheiten. Voraussetzung f\u00fcr die Teilnahme ist die Mitgliedschaft in der Tennisabteilung (40\u20ac f\u00fcr Kinder und Jugendliche).<\/span><\/p>\n<p><span style=\"color: #ffffff\"><strong>Wann:<\/strong><\/span><br \/><span style=\"color: #ffffff\">freitags 15:30\u201317:30 Uhr oder samstags 9:00\u201314:00 Uhr<\/span><br \/><span style=\"color: #ffffff\">(individuelle Einteilung durch das Trainerteam)<\/span><\/p>\n<p><span style=\"color: #ffffff\"><strong>Wo:<\/strong><\/span><br \/><span style=\"color: #ffffff\"><a href=\"https:\/\/tsv-haubersbronn.de\/tennis\/anlagen\" target=\"_blank\" rel=\"noopener\" style=\"color: #ffffff\">Tennisanlage\u00a0TSV Haubersbronn<\/a><\/span><br \/><span style=\"color: #ffffff\">Lauswiesen 2, 73614 Schorndorf<\/span><\/p>\n<p><span style=\"color: #ffffff\"><strong>Anmeldung ab sofort:<\/strong><\/span><br \/><span style=\"color: #ffffff\">Per Mail an Dominik Gaser:<a href=\"mailto:jugend.tennis@tsv-haubersbronn.de?subject=Trainingsintersse\" style=\"color: #ffffff\">\u00a0jugend.tennis@tsv-haubersbronn.de<\/a><\/span><br \/><span style=\"color: #ffffff\">Bitte das Alter, Tenniserfahrung, Wunschzeit, Handynummer und ggfls. Wunschtrainingspartner bei der Anmeldung angeben.<\/span><\/p>\n<p><span style=\"color: #ffffff\"><strong>Anmeldeschluss:<\/strong>\u00a004. Mai 2026<\/span><br \/><span style=\"color: #ffffff\"><strong>Trainingsstart:\u00a0<\/strong>08. Mai 2026<\/span><\/p>\n<p><span style=\"color: #ffffff\">Wir freuen uns auf viele tennisbegeisterte Kinder und Jugendliche!<\/span><\/p>\n<p>[\/et_pb_text][\/et_pb_column][\/et_pb_row][et_pb_row column_structure=&#8220;1_2,1_2&#8243; _builder_version=&#8220;4.25.2&#8243; _module_preset=&#8220;default&#8220; global_colors_info=&#8220;{}&#8220;][et_pb_column type=&#8220;1_2&#8243; _builder_version=&#8220;4.25.2&#8243; _module_preset=&#8220;default&#8220; global_colors_info=&#8220;{}&#8220;][et_pb_button button_url=&#8220;mailto:jugend.tennis@tsv-haubersbronn.de?subject=Jugendtennis&#8220; url_new_window=&#8220;on&#8220; button_text=&#8220;Anmeldung f\u00fcrs Kinder- &amp; Jugend-Tennis&#8220; _builder_version=&#8220;4.25.2&#8243; _module_preset=&#8220;default&#8220; global_colors_info=&#8220;{}&#8220;][\/et_pb_button][\/et_pb_column][et_pb_column type=&#8220;1_2&#8243; _builder_version=&#8220;4.25.2&#8243; _module_preset=&#8220;default&#8220; global_colors_info=&#8220;{}&#8220;][et_pb_button button_url=&#8220;https:\/\/tsv-haubersbronn.de\/tennis\/wp-content\/uploads\/sites\/7\/2026\/04\/Kinder-und-Jugendtennis-TSV-2026.pdf&#8220; url_new_window=&#8220;on&#8220; button_text=&#8220;Flyer Kinder- &amp; Jugendtennis&#8220; _builder_version=&#8220;4.27.5&#8243; _module_preset=&#8220;default&#8220; global_colors_info=&#8220;{}&#8220;][\/et_pb_button][\/et_pb_column][\/et_pb_row][\/et_pb_section][et_pb_section fb_built=&#8220;1&#8243; _builder_version=&#8220;4.25.2&#8243; _module_preset=&#8220;default&#8220; custom_padding=&#8220;0px||0px||false|false&#8220; global_colors_info=&#8220;{}&#8220;][et_pb_row _builder_version=&#8220;4.25.2&#8243; _module_preset=&#8220;default&#8220; width=&#8220;100%&#8220; max_width=&#8220;100%&#8220; custom_padding=&#8220;0px||0px||false|false&#8220; global_colors_info=&#8220;{}&#8220;][et_pb_column type=&#8220;4_4&#8243; _builder_version=&#8220;4.25.2&#8243; _module_preset=&#8220;default&#8220; global_colors_info=&#8220;{}&#8220;][et_pb_image src=&#8220;https:\/\/tsv-haubersbronn.de\/tennis\/wp-content\/uploads\/sites\/7\/2025\/05\/tennis_3.png&#8220; title_text=&#8220;tennis_3&#8243; force_fullwidth=&#8220;on&#8220; _builder_version=&#8220;4.25.2&#8243; _module_preset=&#8220;default&#8220; global_colors_info=&#8220;{}&#8220;][\/et_pb_image][\/et_pb_column][\/et_pb_row][\/et_pb_section][et_pb_section fb_built=&#8220;1&#8243; _builder_version=&#8220;4.25.2&#8243; _module_preset=&#8220;default&#8220; background_color=&#8220;#FFFFFF&#8220; global_colors_info=&#8220;{}&#8220;][et_pb_row admin_label=&#8220;row&#8220; _builder_version=&#8220;4.25.2&#8243; _module_preset=&#8220;_initial&#8220; locked=&#8220;off&#8220; global_colors_info=&#8220;{}&#8220;][et_pb_column type=&#8220;4_4&#8243; _builder_version=&#8220;4.16&#8243; _module_preset=&#8220;default&#8220; custom_padding=&#8220;|||&#8220; global_colors_info=&#8220;{}&#8220; custom_padding__hover=&#8220;|||&#8220;][et_pb_text _builder_version=&#8220;4.27.5&#8243; _module_preset=&#8220;_initial&#8220; global_colors_info=&#8220;{}&#8220;]<\/p>\n<h2 class=\"wp-block-heading\">Schnuppertennis f\u00fcr Kindergarten- und Schulkinder (1.\/2. Klasse)<\/h2>\n<p>Bei unseren Schnupperkursen m\u00f6chten wir Kinder im Alter von 4 bis 9 Jahren spielerisch an den Tennissport heranf\u00fchren.<\/p>\n<p>In einer kindgerechten Umgebung stehen Spa\u00df, Bewegung und das erste Kennenlernen von Ball und Schl\u00e4ger im Mittelpunkt. Unsere Trainer gestalten die Stunden abwechslungsreich und altersgerecht \u2013 mit viel Geduld, Kreativit\u00e4t und Herzblut. Die Kinder werden nach Spielst\u00e4rke und Alter in 2-3 Trainingsgruppen eingeteilt. Tenniserfahrung ist nicht erforderlich. Tennisschl\u00e4ger und B\u00e4lle werden gestellt.<\/p>\n<p><span style=\"color: #000000\"><strong>Trainingstag:<\/strong><\/span><br \/>freitags von 16:45 bis 17:45 Uhr<br \/>Trainingstermine: 8.\/22. Mai; 12.\/19.\/26. Juni; 3.\/10.\/17.\/24. Juli; 18.\/25. September<\/p>\n<p><span style=\"color: #000000\"><strong>Kosten:<\/strong><\/span><br \/><span style=\"color: #000000\">40 \u20ac f\u00fcr 11 Termine<\/span><br \/><span style=\"color: #000000\">F\u00fcr Mitglieder der Tennisabteilung kostenlos!<\/span><\/p>\n<p><span style=\"color: #000000\"><strong>Wo:<\/strong><\/span><br \/><span style=\"color: #000000\"><a href=\"\/tennis\/anlagen\" target=\"_blank\" rel=\"noopener\" style=\"color: #000000\">Tennisanlage<\/a> TSV Haubersbronn<\/span><br \/><span style=\"color: #000000\">Lauswiesen 2, 73614 Schorndorf<\/span><\/p>\n<p><span style=\"color: #000000\"><strong>Anmeldung zum Schnuppertennis:<\/strong><\/span><br \/><span style=\"color: #000000\">Per Mail an Dominik Gaser: <a href=\"mailto:jugend.tennis@tsv-haubersbronn.de?subject=Trainingsintersse\" target=\"_blank\" rel=\"noopener\" style=\"color: #000000\">jugend.tennis@tsv-haubersbronn.de<\/a><\/span><br \/><span style=\"color: #000000\"><strong>Anmeldeschluss:<\/strong> 04. Mai 2026<\/span><\/p>\n<p><span style=\"color: #000000\">Kommt vorbei, macht mit \u2013 und entdeckt gemeinsam mit uns die Freude am Tennisspielen!<\/span><\/p>\n<p>[\/et_pb_text][\/et_pb_column][\/et_pb_row][et_pb_row column_structure=&#8220;1_2,1_2&#8243; _builder_version=&#8220;4.25.2&#8243; _module_preset=&#8220;default&#8220; global_colors_info=&#8220;{}&#8220;][et_pb_column type=&#8220;1_2&#8243; _builder_version=&#8220;4.25.2&#8243; _module_preset=&#8220;default&#8220; global_colors_info=&#8220;{}&#8220;][et_pb_button button_url=&#8220;mailto:jugend.tennis@tsv-haubersbronn.de?subject=Kindergartentennis&#8220; url_new_window=&#8220;on&#8220; button_text=&#8220;Anmeldung f\u00fcrs Kindergarten-Tennis&#8220; _builder_version=&#8220;4.25.2&#8243; _module_preset=&#8220;default&#8220; global_colors_info=&#8220;{}&#8220;][\/et_pb_button][\/et_pb_column][et_pb_column type=&#8220;1_2&#8243; _builder_version=&#8220;4.25.2&#8243; _module_preset=&#8220;default&#8220; global_colors_info=&#8220;{}&#8220;][et_pb_button button_url=&#8220;https:\/\/tsv-haubersbronn.de\/tennis\/wp-content\/uploads\/sites\/7\/2026\/04\/Kindergartentennis-TSV-2026.pdf&#8220; url_new_window=&#8220;on&#8220; button_text=&#8220;Flyer Kindergarten-Tennis&#8220; _builder_version=&#8220;4.27.5&#8243; _module_preset=&#8220;default&#8220; global_colors_info=&#8220;{}&#8220;][\/et_pb_button][\/et_pb_column][\/et_pb_row][\/et_pb_section][et_pb_section fb_built=&#8220;1&#8243; _builder_version=&#8220;4.25.2&#8243; _module_preset=&#8220;default&#8220; custom_padding=&#8220;||102px|||&#8220; global_colors_info=&#8220;{}&#8220;][et_pb_row _builder_version=&#8220;4.25.2&#8243; _module_preset=&#8220;_initial&#8220; global_colors_info=&#8220;{}&#8220;][et_pb_column type=&#8220;4_4&#8243; _builder_version=&#8220;4.25.2&#8243; _module_preset=&#8220;default&#8220; global_colors_info=&#8220;{}&#8220;][et_pb_text _builder_version=&#8220;4.27.5&#8243; _module_preset=&#8220;_initial&#8220; locked=&#8220;off&#8220; global_colors_info=&#8220;{}&#8220; hover_enabled=&#8220;0&#8243; sticky_enabled=&#8220;0&#8243; text_orientation=&#8220;center&#8220; text_orientation_last_edited=&#8220;on|desktop&#8220; text_orientation_tablet=&#8220;center&#8220; text_orientation_phone=&#8220;center&#8220;]<\/p>\n<h2>#hautnah erleben<\/h2>\n<p>[\/et_pb_text][\/et_pb_column][\/et_pb_row][et_pb_row _builder_version=&#8220;4.25.2&#8243; _module_preset=&#8220;_initial&#8220; width=&#8220;100%&#8220; max_width=&#8220;100%&#8220; locked=&#8220;off&#8220; global_colors_info=&#8220;{}&#8220;][et_pb_column type=&#8220;4_4&#8243; _builder_version=&#8220;4.25.2&#8243; _module_preset=&#8220;default&#8220; global_colors_info=&#8220;{}&#8220;][dipi_carousel space_between=&#8220;10&#8243; loop_wide=&#8220;on&#8220; autoplay_wide=&#8220;on&#8220; show_lightbox=&#8220;off&#8220; dynamic_bullets=&#8220;off&#8220; _builder_version=&#8220;4.25.2&#8243; _module_preset=&#8220;default&#8220; global_colors_info=&#8220;{}&#8220;][dipi_carousel_child img_src=&#8220;https:\/\/tsv-haubersbronn.de\/tennis\/wp-content\/uploads\/sites\/7\/2025\/06\/IMG_20250615_171717015_klein-scaled.jpg&#8220; _builder_version=&#8220;4.25.2&#8243; _module_preset=&#8220;default&#8220; border_radii_img=&#8220;on|50px|50px|50px|50px&#8220; global_colors_info=&#8220;{}&#8220;][\/dipi_carousel_child][dipi_carousel_child img_src=&#8220;https:\/\/tsv-haubersbronn.de\/tennis\/wp-content\/uploads\/sites\/7\/2025\/06\/IMG_6429-scaled.jpeg&#8220; img_width=&#8220;65%&#8220; _builder_version=&#8220;4.25.2&#8243; _module_preset=&#8220;default&#8220; border_radii_img=&#8220;on|50px|50px|50px|50px&#8220; global_colors_info=&#8220;{}&#8220;][\/dipi_carousel_child][dipi_carousel_child img_src=&#8220;https:\/\/tsv-haubersbronn.de\/tennis\/wp-content\/uploads\/sites\/7\/2025\/06\/IMG_20250615_171810151_klein-scaled.jpg&#8220; img_width=&#8220;70%&#8220; _builder_version=&#8220;4.25.2&#8243; _module_preset=&#8220;default&#8220; border_radii_img=&#8220;on|50px|50px|50px|50px&#8220; global_colors_info=&#8220;{}&#8220;][\/dipi_carousel_child][dipi_carousel_child img_src=&#8220;https:\/\/tsv-haubersbronn.de\/tennis\/wp-content\/uploads\/sites\/7\/2025\/06\/IMG_20250615_172259104_klein-scaled.jpg&#8220; _builder_version=&#8220;4.25.2&#8243; _module_preset=&#8220;default&#8220; border_radii_img=&#8220;on|50px|50px|50px|50px&#8220; global_colors_info=&#8220;{}&#8220;][\/dipi_carousel_child][dipi_carousel_child img_src=&#8220;https:\/\/tsv-haubersbronn.de\/tennis\/wp-content\/uploads\/sites\/7\/2025\/06\/Uebersicht_Anlage-scaled.jpg&#8220; img_width=&#8220;80%&#8220; _builder_version=&#8220;4.25.2&#8243; _module_preset=&#8220;default&#8220; border_radii_img=&#8220;on|50px|50px|50px|50px&#8220; global_colors_info=&#8220;{}&#8220;][\/dipi_carousel_child][dipi_carousel_child img_src=&#8220;https:\/\/tsv-haubersbronn.de\/tennis\/wp-content\/uploads\/sites\/7\/2025\/06\/IMG_2654-scaled.jpeg&#8220; img_width=&#8220;70%&#8220; _builder_version=&#8220;4.25.2&#8243; _module_preset=&#8220;default&#8220; border_radii_img=&#8220;on|50px|50px|50px|50px&#8220; global_colors_info=&#8220;{}&#8220;][\/dipi_carousel_child][dipi_carousel_child img_src=&#8220;https:\/\/tsv-haubersbronn.de\/tennis\/wp-content\/uploads\/sites\/7\/2025\/06\/IMG_4875-scaled.jpeg&#8220; img_width=&#8220;75%&#8220; _builder_version=&#8220;4.25.2&#8243; _module_preset=&#8220;default&#8220; border_radii_img=&#8220;on|50px|50px|50px|50px&#8220; global_colors_info=&#8220;{}&#8220;][\/dipi_carousel_child][\/dipi_carousel][\/et_pb_column][\/et_pb_row][et_pb_row admin_label=&#8220;row&#8220; _builder_version=&#8220;4.25.2&#8243; _module_preset=&#8220;_initial&#8220; locked=&#8220;off&#8220; global_colors_info=&#8220;{}&#8220;][et_pb_column type=&#8220;4_4&#8243; _builder_version=&#8220;4.16&#8243; _module_preset=&#8220;default&#8220; custom_padding=&#8220;|||&#8220; global_colors_info=&#8220;{}&#8220; custom_padding__hover=&#8220;|||&#8220;][et_pb_text _builder_version=&#8220;4.27.5&#8243; _module_preset=&#8220;_initial&#8220; global_colors_info=&#8220;{}&#8220; hover_enabled=&#8220;0&#8243; sticky_enabled=&#8220;0&#8243; text_orientation=&#8220;center&#8220;]<\/p>\n<p>Werde Teil der Tennis-Gemeinschaft &#8211; Komm vorbei!<\/p>\n<p>[\/et_pb_text][et_pb_button button_url=&#8220;\/mitglied-werden&#8220; button_text=&#8220;Mitglied werden&#8220; button_alignment=&#8220;center&#8220; _builder_version=&#8220;4.25.2&#8243; _module_preset=&#8220;default&#8220; global_colors_info=&#8220;{}&#8220;][\/et_pb_button][\/et_pb_column][\/et_pb_row][\/et_pb_section]<\/p>\n","protected":false},"excerpt":{"rendered":"<p>Denn es ist mehr als nur Sport!In unserem famili\u00e4ren Verein lernen Kinder und Jugendliche nicht nur Tennis, sondern\u00a0erleben Gemeinschaft, Fairness und Teamgeist. Durch kleine Trainingsgruppen k\u00f6nnen wir individuell auf jedes [&hellip;]<\/p>\n","protected":false},"author":13,"featured_media":0,"parent":0,"menu_order":0,"comment_status":"closed","ping_status":"closed","template":"","meta":{"_acf_changed":false,"_et_pb_use_builder":"on","_et_pb_old_content":"","_et_gb_content_width":"","footnotes":""},"dipi_cpt_category":[],"class_list":["post-1218","page","type-page","status-publish","hentry"],"acf":[],"_links":{"self":[{"href":"https:\/\/tsv-haubersbronn.de\/tennis\/wp-json\/wp\/v2\/pages\/1218","targetHints":{"allow":["GET"]}}],"collection":[{"href":"https:\/\/tsv-haubersbronn.de\/tennis\/wp-json\/wp\/v2\/pages"}],"about":[{"href":"https:\/\/tsv-haubersbronn.de\/tennis\/wp-json\/wp\/v2\/types\/page"}],"author":[{"embeddable":true,"href":"https:\/\/tsv-haubersbronn.de\/tennis\/wp-json\/wp\/v2\/users\/13"}],"replies":[{"embeddable":true,"href":"https:\/\/tsv-haubersbronn.de\/tennis\/wp-json\/wp\/v2\/comments?post=1218"}],"version-history":[{"count":16,"href":"https:\/\/tsv-haubersbronn.de\/tennis\/wp-json\/wp\/v2\/pages\/1218\/revisions"}],"predecessor-version":[{"id":1682,"href":"https:\/\/tsv-haubersbronn.de\/tennis\/wp-json\/wp\/v2\/pages\/1218\/revisions\/1682"}],"wp:attachment":[{"href":"https:\/\/tsv-haubersbronn.de\/tennis\/wp-json\/wp\/v2\/media?parent=1218"}],"wp:term":[{"taxonomy":"dipi_cpt_category","embeddable":true,"href":"https:\/\/tsv-haubersbronn.de\/tennis\/wp-json\/wp\/v2\/dipi_cpt_category?post=1218"}],"curies":[{"name":"wp","href":"https:\/\/api.w.org\/{rel}","templated":true}]}}